Determine a(2).
-13
Let x(g) = 28*g + 226. Give x(11).
534
Let i(s) = -444*s + 37. Calculate i(1).
-407
Let l(d) = -d**2 - 6*d + 101. Determine l(-17).
-86
Let j(n) = 223*n + 9172. What is j(-41)?
29
Let l(k) = 3*k - 20. What is l(5)?
-5
Let u(i) = 20*i - 977. Determine u(50).
23
Let f(l) = -l**3 + 10*l**2 - 2*l - 65. Determine f(6).
67
Let p(k) = k**3 + 37*k**2 - 38*k - 1. Give p(-38).
-1
Let r(x) = -69*x + 620. Give r(9).
-1
Let k(g) = -107*g**3 - 9*g**2 + 5*g + 3. Calculate k(1).
-108
Let v(a) = a**2 + 5*a + 35. Determine v(11).
211
Let p(y) = y**3 - 39*y**2 + 93*y - 705. What is p(37)?
-2
Let l(a) = -a**3 - 45*a**2 - 324*a + 18. Give l(-36).
18
Let c(g) = -4*g**3 + 33*g**2 + 36*g - 9. Calculate c(10).
-349
Let f(m) = -1770*m - 1801. Determine f(-1).
-31
Let m(s) = -2*s**3 - 15*s**2 + 9*s + 10. Give m(-8).
2
Let y(v) = 4*v**3 - 49*v**2 + 15*v - 59. What is y(12)?
-23
Let n(m) = -m**3 - 32*m**2 + 45*m + 398. Calculate n(-33).
2
Let c(w) = 7*w - 530. What is c(33)?
-299
Let j(x) = 2*x**3 - 10*x - 14. What is j(-3)?
-38
Let h(b) = 18*b + 9. Determine h(-13).
-225
Let i(x) = -39*x**2 - 10. Calculate i(3).
-361
Let i(s) = s**3 + 19*s**2 + 90*s - 4. Calculate i(-6).
-76
Let r(f) = f**3 - 10*f**2 - 75*f + 734. What is r(8)?
6
Let l(k) = k**2 - 15*k - 31. Give l(17).
3
Let h(k) = k**2 - 55*k + 252. Give h(5).
2
Let g(m) = 311*m + 8680. What is g(-28)?
-28
Let u(z) = 2*z**2 + 65*z - 24. Determine u(-33).
9
Let i(d) = 18*d + 30. Determine i(-7).
-96
Let m(v) = v**3 + 10*v**2 + 22*v + 1. What is m(-2)?
-11
Let o(m) = -m**2 + 6*m - 10. Determine o(4).
-2
Let g(r) = -2*r**2 + 131. What is g(8)?
3
Let i(v) = 3*v**3 - 15*v**2 - 38*v + 214. Give i(4).
14
Let v(o) = -52*o + 144. What is v(3)?
-12
Let k(x) = -x**3 + 4*x**2 + 33*x - 24. Calculate k(8).
-16
Let n(h) = -181*h + 3631. Give n(20).
11
Let n(h) = -260*h + 57714. Give n(222).
-6
Let s(y) = 125*y**2 + 381*y + 11. Calculate s(-3).
-7
Let a(w) = -2*w**3 + 4*w**2 - 31*w - 89. Determine a(-2).
5
Let d(u) = -5*u**2 - 173*u - 1290. Give d(-11).
8
Let h(n) = -n**3 - 12*n**2 + 23*n - 43. Give h(-14).
27
Let c(q) = -17*q + 2423. Calculate c(144).
-25
Let z(r) = -3*r**2 - 472*r + 3957. Determine z(8).
-11
Let q(n) = -10152*n - 40618. Give q(-4).
-10
Let z(f) = 125*f + 8132. Give z(-65).
7
Let z(l) = 209*l - 338. Calculate z(3).
289
Let n(c) = -c**2 + 8*c + 8. What is n(21)?
-265
Let h(c) = -8*c - 280. Give h(-30).
-40
Let i(w) = 19*w + 518. Calculate i(-28).
-14
Let o(k) = 7*k - 49. Determine o(12).
35
Let b(s) = 32*s + 98. Give b(-10).
-222
Let k(u) = -u**3 + 65*u**2 + 144*u + 100. What is k(67)?
770
Let z(t) = -168*t + 16631. What is z(99)?
-1
Let n(g) = -6815*g - 286228. Give n(-42).
2
Let u(a) = -a**3 + 28*a**2 + 91*a + 155. Determine u(31).
93
Let x(r) = r**3 + 17*r**2 + 11*r - 27. Determine x(-15).
258
Let t(h) = 257*h - 528. Determine t(2).
-14
Let i(t) = 2*t**3 + 31*t**2 - 52*t - 81. Determine i(-17).
-64
Let r(j) = -26*j**3 - 3*j**2 - 3*j + 6. Calculate r(1).
-26
Let l(d) = 5*d**3 - 88*d**2 + 51*d - 2. Give l(17).
-2
Let w(p) = p**3 - 9*p**2 - 9*p + 6. Give w(10).
16
Let v(l) = 6*l**3 - l**2 - 56*l + 7. Give v(-3).
4
Let w(f) = 4*f**2 - 195*f - 2152. Determine w(58).
-6
Let t(y) = y**3 + y**2 + 28*y + 28. What is t(0)?
28
Let w(q) = -84*q**2 + 4285*q - 46. Calculate w(51).
5
Let x(j) = -3*j**3 + 31*j**2 + 10*j + 55. Determine x(11).
-77
Let w(q) = -2*q**2 + 369*q - 5806. Calculate w(167).
39
Let c(t) = -t**2 + 91*t - 630. Determine c(7).
-42
Let y(k) = 5*k**2 - 13*k - 80. What is y(-3)?
4
Let x(n) = -n**3 - 59*n**2 - 57*n + 109. Determine x(-58).
51
Let c(v) = 58*v**2 - v - 17. Calculate c(-3).
508
Let i(m) = -4*m**3 + 2*m**2 - 15*m - 43. Give i(-2).
27
Let g(n) = -50*n**2 - 42*n - 84. What is g(-2)?
-200
Let v(z) = -141*z - 5. Determine v(3).
-428
Let r(k) = 33*k - 1634. What is r(47)?
-83
Let w(d) = -93*d**3 + 3*d**2 - 67*d + 66. Determine w(1).
-91
Let t(b) = 3*b**3 - 112*b**2 + 51*b - 523. What is t(37)?
-5
Let z(w) = 86*w - 1183. What is z(14)?
21
Let x(c) = 4*c**2 - 230*c - 87. Calculate x(58).
29
Let g(i) = -i**3 + 37*i**2 - 13*i + 132. What is g(37)?
-349
Let k(d) = 30*d**2 + 7*d + 9. Calculate k(-1).
32
Let y(m) = 149*m + 802. Give y(-5).
57
Let r(s) = s**2 - 15*s - 103. What is r(20)?
-3
Let v(p) = -1279*p + 2547. What is v(2)?
-11
Let r(t) = -61*t - 2343. Calculate r(-38).
-25
Let a(b) = -2885*b - 20205. Determine a(-7).
-10
Let l(g) = 73*g - 208. Determine l(4).
84
Let o(l) = 1625*l - 19489. Calculate o(12).
11
Let r(i) = -3*i + 20. Give r(-21).
83
Let x(d) = d**3 + 49*d**2 + 254*d - 176. Calculate x(-43).
-4
Let d(h) = 1972*h - 17740. What is d(9)?
8
Let o(y) = -y**2 + 94*y - 1853. Give o(65).
32
Let z(k) = -553*k + 2201. Calculate z(4).
-11
Let x(o) = -4*o**2 - 23*o - 95. Calculate x(-3).
-62
Let g(v) = -12*v + 12. Determine g(3).
-24
Let x(d) = -5*d**2 + 480*d + 11. Determine x(96).
11
Let z(m) = -2*m**3 + 27*m**2 - 55*m + 47. Determine z(11).
47
Let j(u) = 60*u - 2801. Determine j(62).
919
Let o(s) = 12*s**2 + 70*s - 1. Determine o(-6).
11
Let a(o) = 13*o + 10. Calculate a(-10).
-120
Let l(g) = -19*g**2 - 114*g + 115. Determine l(1).
-18
Let p(u) = 16*u + 1468. Determine p(-90).
28
Let b(q) = -q**2 + 370*q + 26299. Give b(-61).
8
Let x(i) = i**2 - 44*i - 3482. What is x(-41)?
3
Let g(x) = -2*x**3 + 147*x**2 - 362*x + 500. What is g(71)?
3
Let g(v) = -8*v**2 + 41*v - 125. What is g(4)?
-89
Let y(n) = 8*n - 15. Calculate y(10).
65
Let s(d) = 267*d + 1594. Give s(-6).
-8
Let d(b) = -251*b + 20. What is d(-1)?
271
Let y(o) = -293*o - 1116. Calculate y(-4).
56
Let d(b) = -12*b - 899. Give d(-61).
-167
Let p(r) = -57*r + 965. Determine p(17).
-4
Let d(s) = -8*s + 316. Determine d(40).
-4
Let n(w) = -2*w**3 - 35*w**2 - 105*w - 399. Calculate n(-15).
51
Let z(w) = -74*w - 11093. Give z(-150).
7
Let l(o) = -2*o**2 - 14*o - 21. What is l(-9)?
-57
Let r(w) = -16*w**2 - 558*w - 24. Determine r(-35).
-94
Let b(h) = 14*h**3 + 3*h**2 - 5*h + 5. What is b(2)?
119
Let j(a) = a**2 + 25*a - 736. Give j(-44).
100
Let j(r) = 145*r - 316. What is j(2)?
-26
Let q(s) = 5*s**3 - 205*s**2 - 10*s - 84. Determine q(41).
-494
Let k(n) = 1074*n - 13948. Give k(13).
14
Let w(u) = -575*u + 2866. What is w(5)?
-9
Let b(g) = -53*g - 1115. Determine b(-19).
-108
Let x(u) = -8*u**2 - 175*u + 527. Give x(3).
-70
Let u(i) = 8*i**2 - 295*i + 27. Calculate u(37).
64
Let r(k) = 2*k**3 - 119*k**2 + 595*k - 57. Determine r(54).
-3
Let f(j) = -j**3 - 6*j**2 + 9*j + 14. What is f(-6)?
-40
Let i(n) = -n**2 - 65*n - 929. Calculate i(-21).
-5
Let u(b) = b**3 - 4*b**2 - 46*b - 2. Give u(9).
-11
Let x(p) = -p**2 + 82*p - 1662. Determine x(36).
-6
Let p(g) = 63*g + 1276. What is p(-20)?
16
Let g(x) = -5*x**2 - 278*x - 926. Determine g(-52).
10
Let l(n) = 102*n + 395. What is l(-4)?
-13
Let x(y) = 4*y**2 + 33*y - 19. Give x(-9).
8
Let k(q) = 100*q + 7997. Determine k(-80).
-3
Let w(b) = -2*b**2 + 9*b + 309. Give w(-10).
19
Let m(v) = v**3 + 29*v**2 + 20*v - 218. Determine m(-28).
6
Let g(b) = -b**3 - 9*b**2 + 15*b + 14. Give g(-10).
-36
Let j(d) = -11*d + 38. Give j(-7).
115
Let c(n) = -3*n**2 + 49*n - 197. Calculate c(7).
-1
Let f(q) = q**3 - 86*q**2 + 1749*q - 80. What is f(53)?
-80
Let h(i) = -5*i**2 + 246*i - 43. Calculate h(47).
474
Let w(p) = -p**3 + 5*p**2 + 64*p - 205. Calculate w(3).
5
Let w(u) = 21*u**3 - 4*u**2 - 7*u - 8. Determine w(-2).
-178
Let h(i) = -470*i + 20678. Give h(44).
-2
Let m(t) = t**3 + 42*t**2 + 269*t - 96. Calculate m(-34).
6
Let t(m) = -10*m + 115. Calculate t(15).
-35
Let a(b) = -3897*b + 19482. Calculate a(5).
-3
Let o(f) = -f**3 + 14*f**2 - 31*f - 8. Give o(13).
-242
Let r(y) = -y**3 + 9*y**2 + 110*y - 123. Give r(-8).
85
Let r(i) = -i**3 - 34*i**2 - 324*i - 654. What is r(-13)?
9
Let f(v) = v**3 + 26*v**2 - 62*v - 167. What is f(-28)?
1
Let t(u) = -2*u + 4. What is t(14)?
-24
Let g(t) = 149*t + 3296. Determine g(-22).
18
Let i(z) = -335*z - 673. Determine i(-2).
-3
Let v(i) = -757*i + 3034. Determine v(4).
6
Let v(y) = 17*y + 470. What is v(-29)?
-23
Let w(h) = -81*h + 29. Determine w(1).
-52
Let t(n) = n**2 + 52*n + 416. Determine t(-10).
-4
Let t(n) = -25*n + 449. Calculate t(16).
49
Let a(p) = -12*p - 24. Determine a(-1).
-12
Let w(n) = 2*n**3 - 621*n**2 + 2161*n - 3686. Calculate w(307).
-2
Let